{"id":1963,"date":"2025-01-15T15:31:36","date_gmt":"2025-01-15T15:31:36","guid":{"rendered":"https:\/\/www.tonikarilainen.fi\/?page_id=1963"},"modified":"2026-04-10T09:05:47","modified_gmt":"2026-04-10T09:05:47","slug":"l-2","status":"publish","type":"page","link":"https:\/\/www.tonikarilainen.fi\/?page_id=1963","title":{"rendered":""},"content":{"rendered":"\n<figure class=\"wp-block-pullquote\"><blockquote><p>Esihenkil\u00f6valmennus<\/p><\/blockquote><\/figure>\n\n\n\n<div class=\"wp-block-media-text is-stacked-on-mobile\" style=\"grid-template-columns:24% auto\"><figure class=\"wp-block-media-text__media\"><img loading=\"lazy\" decoding=\"async\" width=\"766\" height=\"1023\" src=\"https:\/\/www.tonikarilainen.fi\/wp-content\/uploads\/2023\/11\/cropped-Flappi-1.jpg\" alt=\"\" class=\"wp-image-1261 size-full\" srcset=\"https:\/\/www.tonikarilainen.fi\/wp-content\/uploads\/2023\/11\/cropped-Flappi-1.jpg 766w, https:\/\/www.tonikarilainen.fi\/wp-content\/uploads\/2023\/11\/cropped-Flappi-1-225x300.jpg 225w\" sizes=\"auto, (max-width: 766px) 100vw, 766px\" \/><\/figure><div class=\"wp-block-media-text__content\">\n<p class=\"has-text-align-left\"><strong>Muutosjohtaminen<\/strong><\/p>\n\n\n\n<p class=\"has-text-align-left\">Muutosty\u00f6n haasteet ja niihin vastaaminen. N\u00e4k\u00f6kulmana vuorovaikutuksen ja viestinn\u00e4n merkitys muutosty\u00f6n keskell\u00e4. Syvent\u00e4\u00e4 johtamistaitoja, strategista ajattelua ja tiimin johtamista. Antaa k\u00e4yt\u00e4nn\u00f6n ty\u00f6kaluja ja kevent\u00e4\u00e4 johtamisty\u00f6n kuormitusta.<\/p>\n\n\n\n<div style=\"height:21px\" aria-hidden=\"true\" class=\"wp-block-spacer\"><\/div>\n\n\n\n<p class=\"has-text-align-left\"><strong>Konfliktit &amp; yhteisty\u00f6<\/strong><\/p>\n\n\n\n<p class=\"has-text-align-left\">Konfliktien hallinta ty\u00f6yhteis\u00f6ss\u00e4. Antaa esihenkil\u00f6ille ty\u00f6kaluja ristiriitojen tunnistamiseen, ennaltaehk\u00e4isyyn, sovitteluun ja rakentavaan vuorovaikutukseen.<\/p>\n\n\n\n<div style=\"height:50px\" aria-hidden=\"true\" class=\"wp-block-spacer\"><\/div>\n\n\n\n<p>Koulutukset ovat kestoltaan 2 x 1,5h mittaisia ja koulutusten sis\u00e4lt\u00f6 r\u00e4\u00e4t\u00e4l\u00f6id\u00e4\u00e4n tilaajan tarpeiden mukaan.<\/p>\n<\/div><\/div>\n\n\n\n<div style=\"height:39px\" aria-hidden=\"true\" class=\"wp-block-spacer\"><\/div>\n\n\n\n<div style=\"height:20px\" aria-hidden=\"true\" class=\"wp-block-spacer\"><\/div>\n\n\n\n<div style=\"height:20px\" aria-hidden=\"true\" class=\"wp-block-spacer\"><\/div>\n\n\n\n<figure class=\"wp-block-pullquote\"><blockquote><p><\/p><\/blockquote><\/figure>\n\n\n\n<div style=\"height:570px\" aria-hidden=\"true\" class=\"wp-block-spacer\"><\/div>\n\n\n\n<p><\/p>\n","protected":false},"excerpt":{"rendered":"<p>Esihenkil\u00f6valmennus<\/p>\n","protected":false},"author":1,"featured_media":0,"parent":0,"menu_order":0,"comment_status":"closed","ping_status":"closed","template":"","meta":{"footnotes":""},"class_list":["post-1963","page","type-page","status-publish","hentry"],"_links":{"self":[{"href":"https:\/\/www.tonikarilainen.fi\/index.php?rest_route=\/wp\/v2\/pages\/1963","targetHints":{"allow":["GET"]}}],"collection":[{"href":"https:\/\/www.tonikarilainen.fi\/index.php?rest_route=\/wp\/v2\/pages"}],"about":[{"href":"https:\/\/www.tonikarilainen.fi\/index.php?rest_route=\/wp\/v2\/types\/page"}],"author":[{"embeddable":true,"href":"https:\/\/www.tonikarilainen.fi\/index.php?rest_route=\/wp\/v2\/users\/1"}],"replies":[{"embeddable":true,"href":"https:\/\/www.tonikarilainen.fi\/index.php?rest_route=%2Fwp%2Fv2%2Fcomments&post=1963"}],"version-history":[{"count":69,"href":"https:\/\/www.tonikarilainen.fi\/index.php?rest_route=\/wp\/v2\/pages\/1963\/revisions"}],"predecessor-version":[{"id":2672,"href":"https:\/\/www.tonikarilainen.fi\/index.php?rest_route=\/wp\/v2\/pages\/1963\/revisions\/2672"}],"wp:attachment":[{"href":"https:\/\/www.tonikarilainen.fi\/index.php?rest_route=%2Fwp%2Fv2%2Fmedia&parent=1963"}],"curies":[{"name":"wp","href":"https:\/\/api.w.org\/{rel}","templated":true}]}}